*f = -5*h + 20, -17 = -o*f + h + 3. What are the prime factors of f?
2, 5
Let d = -20 - -18. List the prime factors of 8 + d - 9/(-9).
7
Suppose 4*g + 5*r + 76 = 0, 5*g + 2*r + 95 = 4*r. Suppose -18 = -7*j - 39. What are the prime factors of j - -2 - g/1?
2, 3
Suppose 84 = 3*y + y. Suppose 4*u + 5*g + 4 = -1, 5*u + 3*g = -3. List the prime factors of -3*y/(-9) + u.
7
Suppose -4*c + 12 - 4 = 0. Suppose 0 = -c*x - 3*t - 3, 5*x - 4*t = t - 70. Let d = x + 20. List the prime factors of d.
11
Suppose -171 + 996 = 3*x. List the prime factors of x.
5, 11
Let h be 4/10 - (-33)/5. Let u = h + -1. List the prime factors of u.
2, 3
Let s = 2 + 0. Suppose -8 = 2*k + 5*f - 22, s*k - f - 2 = 0. Suppose l = -c + 5*c - 36, k*l = -3*c + 27. What are the prime factors of c?
3
Let c(g) = -g + 2. Let p be c(5). What are the prime factors of 11 - p/(-6)*0?
11
What are the prime factors of (-195)/(-2) - 54/(-36)?
3, 11
Suppose -2*u = 5*o - 8 - 22, -4*u - 3*o + 46 = 0. List the prime factors of u.
2, 5
Suppose -2*w = 3*w - 55. Suppose -5 + w = k. Suppose 2*o - k = -o. What are the prime factors of o?
2
Let u = 25 + -21. Let v = -1 + 1. Suppose z + v*f = -u*f + 12, 0 = 5*z - 4*f - 12. List the prime factors of z.
2
Let c = -2 - -4. Suppose 16 = 2*g - c. What are the prime factors of (g/2)/(12/16)?
2, 3
Let w = -43 + 76. Suppose -3*z + 100 = 4*b, -4*b - 67 - w = -2*z. Let r = z + -29. List the prime factors of r.
11
Let k(d) = d**3 - 5*d**2 + 12*d + 1. What are the prime factors of k(5)?
61
What are the prime factors of -2 - 4/((-12)/369)?
11
Let d(b) = 16*b + 13. List the prime factors of d(12).
5, 41
Let x(a) = 7*a + 12. Let j be x(-8). Let o = -18 - j. List the prime factors of o.
2, 13
Let x = 7 + 21. What are the prime factors of x?
2, 7
Let i = 10 + 8. Suppose 0 = -r - 2*r + i. What are the prime factors of 188/12 - 4/r?
3, 5
Suppose 0*b + 11*b - 1628 = 0. List the prime factors of b.
2, 37
Let i(h) = -12*h. Let q be i(2). Let c = q + 35. What are the prime factors of c?
11
Let b(u) = u - 6. Let a be 11 - (0 - (0 - 1)). Let w be b(a). Suppose -3*k = j - 27, 37 = 5*k + w*j - 1. What are the prime factors of k?
2, 5
Let l(g) = -2*g + g + 18 + 0*g - g. What are the prime factors of l(-13)?
2, 11
Let z(u) = -u**3 + 6*u**2 - 5. Let h be z(5). Suppose 10 = j - 6. List the prime factors of 8/h + j/10.
2
Let a(f) = 3*f**3 - f**2 + f - 1. Let w be a(1). Suppose 2*q - 19 = 3*u, -3*q - 2*u - w = q. What are the prime factors of q?
2
Let t(u) = 2*u**3 - 2*u + 5*u**2 + 8 - 3*u**3 + 7*u + u. What are the prime factors of t(6)?
2
Suppose c - 1650 = -2*c. Let g(v) = -4*v - 1. Let y be g(-2). What are the prime factors of c/70 + 1/y?
2
Suppose 4*r = 5*r. Suppose 0*s - 4*s + 3*h - 49 = 0, r = -3*s - 3*h - 63. What are the prime factors of (2 - s/(-10))*5?
2
Let n be 1/3 + (-16)/3. Let y = 1 - n. What are the prime factors of y?
2, 3
Let i(f) = 3*f - 6. Let p be i(5). Suppose -z - 2 = -d + p, -25 = -2*d + 5*z. List the prime factors of d.
2, 5
Suppose 4*n - 412 = -0*v - v, -2*v = -2*n + 196. What are the prime factors of n?
2, 3, 17
Let i(d) = -2*d - 4 - 7*d**3 + 6*d**3 - 3*d + 10*d**2. What are the prime factors of i(9)?
2
Suppose -3 = -5*d + 12. What are the prime factors of (-6 + d)/(3/(-16))?
2
Suppose 0 = -s - 2, -k + 3*s + 2 = -7. Suppose -5*x = -4*g, -5*g + k*x + 29 = 4*x. What are the prime factors of g?
5
List the prime factors of (-6)/8 - 273/(-12).
2, 11
Let g = 199 - 579. List the prime factors of g/(-14) - 1/7.
3
Let w be -2 - (-4)/((-12)/(-21)). Suppose 0 = 5*p - 15, b + w*p - 7 = 5*b. What are the prime factors of b?
2
Let k = 11 + 6. Suppose -2*b = 2, 5*b + k = -3*i + 5*i. What are the prime factors of i?
2, 3
Let m(r) = 9*r**2 + 2*r + 3. What are the prime factors of m(-2)?
5, 7
Let a(b) = -b**2 + 2*b + 4. Let o be a(4). Let c = 1 - o. What are the prime factors of c?
5
Suppose -6*r + 2*r + 96 = 0. Let q = r + -7. What are the prime factors of q?
17
Let s = 4 - 7. Let u be 1/(-2)*(s - -3). Suppose 5*p + g - 39 = u, 0*p - 2*g + 6 = p. What are the prime factors of p?
2
Suppose -j - 4 = -18. Suppose -j = r + 3*q, 0 = 2*r - 5*q - 1 - 26. List the prime factors of -1 - -1 - (r + -5).
2
Suppose -4*j - b + 1 = 0, 2*j + 3*b - 1 = 2*b. Let r = 11 - j. What are the prime factors of r?
11
Suppose -41 = -4*p + 83. Suppose 0*t - t = -4*c - p, 4*t - c - 94 = 0. Suppose -2*f = 3*h - 1 - 1, -3*h + t = 5*f. What are the prime factors of f?
7
Let d(r) = -r + 3. Let j be d(0). Suppose -b + 8 = u, -u - j*b - 2 = -14. Let g = -4 + u. List the prime factors of g.
2
Let f = -16 + 30. What are the prime factors of 44 + f/2 + -4?
47
Suppose -6*y + 5*b = -2*y + 12, 4*b - 6 = 5*y. Suppose -2*z + y + 6 = 0. Let d = -1 + z. List the prime factors of d.
3
Let i(q) be the second derivative of q**4/12 + 5*q**3/6 - 2*q**2 + q. Let s be i(-6). Suppose 0 = -3*f + 16 + s. What are the prime factors of f?
2, 3
Suppose -5*o = -0*l - l, 2*l = -10. Let v = o + 7. List the prime factors of -1*(v/(-3) - 20).
2, 11
Let b(n) = -2*n**2 - 4*n - 3. Let z(o) = -3*o**2 - 5*o - 4. Let c(t) = 4*b(t) - 3*z(t). What are the prime factors of c(4)?
2, 3
Suppose 118 = -3*v - 5*y, -7 - 9 = -4*y. Let n = v - -69. What are the prime factors of n?
23
Let t(c) = 22*c - 15. What are the prime factors of t(5)?
5, 19
Suppose -4*c = -22 - 30. What are the prime factors of c?
13
Let u(p) = 17*p**3 - p**2. Suppose -2*n - 14 = 4*j - 0*j, -5*j - n = 22. Let x = 6 + j. List the prime factors of u(x).
2
Suppose 11 = -0*h - 4*h + 5*o, -3*o - 7 = h. What are the prime factors of -10*(2/h)/1?
5
Suppose -5*w + 27 = 4*m - 128, w - 52 = -5*m. Suppose -5*s + w = -8. What are the prime factors of s?
7
Let l(m) = -4*m**2 + m + 8. Let a(j) = j**2 - j - 1. Let p(t) = -3*a(t) - l(t). List the prime factors of p(4).
19
Let y be (-16)/(-6)*(2 - -1). Let k(f) = -3 + y*f + 5 + 0*f**2 + f**2. What are the prime factors of k(-9)?
11
Suppose -5*k + 50 = 5*n, -35 + 1 = -3*k - 5*n. Let o = k + -5. What are the prime factors of o?
3
Suppose 0*i - 3*h - 6 = -5*i, 5*h = i - 10. Let a(p) = -p**2 - p - 3*p**2 + 3*p**2 + 18. What are the prime factors of a(i)?
2, 3
Suppose -2*k = -7 - 3. Suppose 5*m - 196 = -2*w, -w - 206 = -k*m + 2*w. What are the prime factors of (m/50)/((-2)/(-35))?
2, 7
Suppose -2*w - 1 = w - q, 0 = 2*w - q. Let a(r) = -12*r**3 - 1752 + r + r + 1753. What are the prime factors of a(w)?
11
Let c = 115 - 18. What are the prime factors of c?
97
Let m(c) = -c**3 - c**2 - 2*c - 2. Let s be m(-1). Let f(d) = d**3 - 5*d**2 + 5. Let v be f(5). Let j = v - s. What are the prime factors of j?
5
Let k = 37 + -8. List the prime factors of k.
29
Let p = 4 + -2. Suppose h + 7*j = p*j - 2, -h - 6 = j. Let w(a) = -2*a - 8. What are the prime factors of w(h)?
2, 3
Let d = 65 - 44. Let q = d + -14. List the prime factors of q.
7
Let m(n) = 2*n**3 - 3*n**2 - 4*n + 5. What are the prime factors of m(3)?
2, 5
Let t(q) be the second derivative of -q**5/20 + q**4/6 + q**2 + 3*q. List the prime factors of t(-3).
47
Suppose 3*k + 129 = w, -460 = -3*w - 4*k - 86. List the prime factors of w.
2, 3, 7
What are the prime factors of 321/18 + (-1)/(-6)?
2, 3
Suppose 7*t - 4*t = -6. Let m = 1 - t. What are the prime factors of (-1)/((-4)/m - -1)?
3
Suppose 0 = 9*d - 4*d - 145. List the prime factors of d.
29
Suppose -5*c + 4*p + 132 = 0, 0*c - 105 = -4*c + 3*p. What are the prime factors of c?
2, 3
Suppose -17*b + 12*b = -1710. List the prime factors of b.
2, 3, 19
Suppose -x - h + 139 = h, -5*x = 4*h - 689. List the prime factors of x.
137
Let r(n) = n**2 + 8*n + 6. Let w be r(-8). What are the prime factors of -1*(1 - 4*w)?
23
Suppose 0 = 3*b - 0*b - 123. What are the prime factors of b?
41
Let o be 6/(((-16)/76)/(-2)). What are the prime factors of (3/(9/o))/1?
19
Let q(f) = -f**3 - 9*f**2 + 2*f + 13. Let k be q(-9). Let r be (-2)/((4/k)/(-2)). Let i = -2 - r. List the prime factors of i.
3
Let a(o) = -o + 7. Let t be a(-9). List the prime factors of t/(-8) - (-76)/2.
2, 3
Let h = -124 - -224. List the prime factors of h.
2, 5
Let q = 28 + 28. List the prime factors of q.
2, 7
Suppose -z - 15 = -4*z. Suppose 13 + z = 2*j. What are the prime factors of j?
3
Let z be (-30)/((-1)/(-1) + 0). List the prime factors of (-1 + 0)*(z + 11).
19
Let i(t) = t + 1. Let f be 